lse
Is 7386424699 a composite number?
True
Is 8782366403 a composite number?
True
Is 715358221 composite?
True
Is 797956877 a composite number?
True
Is 11866598657 composite?
True
Is 72740663 prime?
False
Is 2865912781 a composite number?
True
Is 1793950901 composite?
True
Is 2055781751 composite?
True
Is 140171381 composite?
True
Is 5530438861 a composite number?
True
Is 4090642779 prime?
False
Is 488975719 composite?
False
Is 205746259 a prime number?
True
Is 1605709009 a prime number?
False
Is 3353373961 a prime number?
False
Is 165193129 prime?
False
Is 170740423257 a composite number?
True
Is 286889087 prime?
True
Is 4862249009 composite?
False
Is 1921362089 a composite number?
False
Is 200806267 a composite number?
False
Is 577616639 prime?
False
Is 589584881 composite?
False
Is 62604581683 a prime number?
False
Is 717673487 prime?
True
Is 2300349419 a composite number?
False
Is 59421665519 composite?
False
Is 71171511083 a composite number?
True
Is 551731799 composite?
True
Is 22182953995 composite?
True
Is 5246113489 composite?
False
Is 676094563 prime?
True
Is 20473262057 a prime number?
True
Is 13840599391 a prime number?
False
Is 3431138749 prime?
True
Is 215211679 a composite number?
True
Is 54381095611 composite?
False
Is 288140197 a composite number?
False
Is 21625798699 a composite number?
True
Is 7863949451 a composite number?
True
Is 681709087 a prime number?
True
Is 1997197282 composite?
True
Is 667631819 prime?
True
Is 840259577 prime?
True
Is 349691651 a composite number?
False
Is 31821802919 prime?
True
Is 6671275757 composite?
False
Is 6299000839 prime?
True
Is 13028161882 a prime number?
False
Is 1503479657 composite?
True
Is 5170403629 composite?
True
Is 423595699 composite?
False
Is 18286271737 prime?
True
Is 802180363 a composite number?
False
Is 113991421 a prime number?
False
Is 2766637495 composite?
True
Is 26776547191 composite?
False
Is 76753077523 a prime number?
True
Is 1565931089 a composite number?
False
Is 1060657327 a prime number?
False
Is 2046542059 a prime number?
False
Is 21934791971 a composite number?
False
Is 1359749849 prime?
False
Is 2562539107 prime?
False
Is 2549047939 a prime number?
False
Is 9662940241 prime?
False
Is 1134693949 a composite number?
True
Is 371801936881 composite?
False
Is 52533196817 a prime number?
False
Is 3741646081 composite?
False
Is 711649879 prime?
False
Is 190175353 a prime number?
False
Is 6585599929 prime?
True
Is 23341985753 prime?
True
Is 23591157935 prime?
False
Is 144480653 a composite number?
True
Is 574106789 prime?
True
Is 1209583511 a prime number?
False
Is 11412724049 a prime number?
True
Is 6810166507 a prime number?
True
Is 58123952735 a prime number?
False
Is 1224233587 prime?
True
Is 1868874253 a composite number?
True
Is 129231601 composite?
True
Is 114447637 prime?
True
Is 287086537021 a prime number?
True
Is 188293843 prime?
True
Is 2885667341 prime?
True
Is 2328558013 prime?
False
Is 40346813959 composite?
True
Is 1286643799 a prime number?
False
Is 512729401 composite?
True
Is 33681979897 a prime number?
False
Is 655797517 prime?
True
Is 309619919 a prime number?
False
Is 15794902663 prime?
False
Is 4352402773 prime?
True
Is 108284646277 a prime number?
False
Is 34879067 a composite number?
False
Is 70929811567 a composite number?
False
Is 1144125491 a composite number?
False
Is 18511324933 composite?
False
Is 1692740359 prime?
False
Is 3433726551 a composite number?
True
Is 972856343 a composite number?
False
Is 7224903943 a prime number?
True
Is 514255177 a composite number?
False
Is 2713755277 composite?
False
Is 59191317917 prime?
False
Is 18451673902 prime?
False
Is 399410783 a composite number?
False
Is 2682900049 composite?
True
Is 18861528003 prime?
False
Is 149880469069 prime?
True
Is 1066658809 prime?
True
Is 201782821 a composite number?
False
Is 29362227 a composite number?
True
Is 35114356447 a prime number?
False
Is 88323207257 a composite number?
True
Is 423126461 a composite number?
True
Is 5314061 a composite number?
True
Is 126684245 prime?
False
Is 20429905061 a prime number?
True
Is 503916211 prime?
True
Is 7604139841 a composite number?
True
Is 711506569 a composite number?
True
Is 10684665643 a composite number?
False
Is 109895601667 a composite number?
True
Is 231333579349 composite?
True
Is 62791968598 prime?
False
Is 10956354914 a composite number?
True
Is 521470667 prime?
False
Is 1995738319 composite?
True
Is 25752187853 a composite number?
True
Is 180665768009 composite?
False
Is 2185049323 a prime number?
True
Is 7286349131 a prime number?
True
Is 18789846107 composite?
False
Is 1957974499 composite?
True
Is 61943029 prime?
False
Is 2131399 composite?
False
Is 432770719 composite?
True
Is 17643533333 a composite number?
True
Is 267588485 a prime number?
False
Is 6803516179 a composite number?
True
Is 5211480881 prime?
False
Is 3506274773 a prime number?
False
Is 284446733 prime?
True
Is 35874511091 prime?
False
Is 14683546021 composite?
True
Is 8456047003 prime?
True
Is 41736795613 a prime number?
True
Is 2052474601 composite?
True
Is 499940899 a composite number?
True
Is 88990635983 composite?
False
Is 20582736703 a composite number?
False
Is 5144413369 prime?
False
Is 1494117763 a composite number?
True
Is 66569917289 composite?
False
Is 9284381563 prime?
True
Is 7668983141 composite?
True
Is 720565837 a prime number?
True
Is 10483483 composite?
False
Is 1923831803 a composite number?
True
Is 186678533 a prime number?
True
Is 18984739757 a composite number?
False
Is 259330277 a prime number?
False
Is 22389784391 a prime number?
False
Is 3111046349 prime?
False
Is 151172785 composite?
True
Is 143250037 composite?
True
Is 30946918879 composite?
True
Is 27069597143 composite?
False
Is 304143945713 a composite number?
True
Is 9949890877 composite?
False
Is 12867114947 prime?
True
Is 14014323889 a composite number?
True
Is 23317050271 a composite number?
False
Is 7743954637 composite?
True
Is 80835297611 a composite number?
True
Is 8325021167 prime?
False
Is 22607857457 composite?
False
Is 6900354049 composite?
True
Is 2056790059 composite?
True
Is 2573702309 a prime number?
False
Is 3929458405 prime?
False
Is 591354013 prime?
False
Is 633096647 a composite number?
False
Is 1884252203 prime?
True
Is 49374993433 a composite number?
False
Is 2266212259 a composite number?
False
Is 1532000741 a composite number?
False
Is 23179573537 a prime number?
True
Is 644473762 a composite number?
True
Is 276365641 prime?
False
Is 565646605 a composite number?
True
Is 7534885 composite?
True
Is 821655671 composite?
False
Is 269537066323 a prime number?
False
Is 79678064159 prime?
True
Is 277472991 a prime number?
False
Is 1539668561 prime?
True
Is 201852769 prime?
False
Is 209547785819 a composite number?
True
Is 66332113949 composite?
False
Is 17545708553 composite?
True
Is 39660430357 a composite number?
True
Is 949235557 prime?
True
Is 16851061 composite?
True
Is 136013232787 a composite number?
False
Is 16262699353 a composite number?
False
Is 1087416739 prime?
False
Is 88550165521 a prime number?
True
Is 235877713 a prime number?
False
Is 15364504861 a composite number?
True
Is 128842655509 a prime number?
True
Is 4357676143 a prime number?
False
Is 1987351931 composite?
False
Is 14915466407 prime?
True
Is 13812157423 a prime number?
True
Is 221405398859 a prime number?
False
Is 2426848499 a composite number?
True
Is 60142096139 prime?
False
Is 6769956439 a prime number?
False
Is 76936515833 a composite number?
True
Is 104117765 composite?
True
Is 37773267719 a composite number?
True
Is 1152357403 composite?
True
Is 1414455491 a composite number?
False
Is 5422981831 prime?
False
Is 1163222867 a composite number?
True
Is 15062245357 a prime number?
True
Is 51168534299 prime?
True
Is 42378592693 composite?
True
Is 1507487039 a composite number?
False
Is 1258452313 prime?
True
Is 4884828395 composite?
True
Is 8044482473 prime?
False
Is 2719582589 composite?
False
Is 1090191247 prime?
True
Is 2009983331 a composite number?
True
Is 14081622371 a prime number?
True
Is 17459081543 a composite number?
False
Is 56031814 composite?
True
Is 725446433 a prime number?
False
Is 5643618083 a composite number?
False
Is 10190311 a prime number?
F